{"id":3,"date":"2024-02-27T19:37:44","date_gmt":"2024-02-27T22:37:44","guid":{"rendered":"https:\/\/bns.com.br\/?page_id=3"},"modified":"2024-03-19T17:53:13","modified_gmt":"2024-03-19T20:53:13","slug":"politica-de-privacidade","status":"publish","type":"page","link":"https:\/\/bns.com.br\/index.php\/politica-de-privacidade\/","title":{"rendered":"Pol\u00edtica de privacidade"},"content":{"rendered":"\t\t<div data-elementor-type=\"wp-page\" data-elementor-id=\"3\" class=\"elementor elementor-3\" data-elementor-post-type=\"page\">\n\t\t\t\t<div class=\"elementor-element elementor-element-44790d7c e-flex e-con-boxed e-con e-parent\" data-id=\"44790d7c\" data-element_type=\"container\">\n\t\t\t\t\t<div class=\"e-con-inner\">\n\t\t\t\t<div class=\"elementor-element elementor-element-c2fafc3 elementor-widget elementor-widget-image\" data-id=\"c2fafc3\" data-element_type=\"widget\" data-widget_type=\"image.default\">\n\t\t\t\t<div class=\"elementor-widget-container\">\n\t\t\t\t\t\t\t\t\t\t\t\t\t\t\t<img decoding=\"async\" width=\"109\" height=\"74\" src=\"https:\/\/bns.com.br\/wp-content\/uploads\/2024\/03\/logo-bns.svg\" class=\"attachment-full size-full wp-image-22\" alt=\"\" sizes=\"100vw\" \/>\t\t\t\t\t\t\t\t\t\t\t\t\t\t\t<\/div>\n\t\t\t\t<\/div>\n\t\t\t\t<div class=\"elementor-element elementor-element-e020a08 elementor-widget elementor-widget-heading\" data-id=\"e020a08\" data-element_type=\"widget\" data-widget_type=\"heading.default\">\n\t\t\t\t<div class=\"elementor-widget-container\">\n\t\t\t\t\t<h2 class=\"elementor-heading-title elementor-size-default\">POL\u00cdTICA DE PRIVACIDADE DE DADOS<\/h2>\t\t\t\t<\/div>\n\t\t\t\t<\/div>\n\t\t\t\t<div class=\"elementor-element elementor-element-5d5fc745 elementor-widget__width-inherit elementor-widget elementor-widget-text-editor\" data-id=\"5d5fc745\" data-element_type=\"widget\" data-widget_type=\"text-editor.default\">\n\t\t\t\t<div class=\"elementor-widget-container\">\n\t\t\t\t\t\t\t\t\t\n<p>A presente Pol\u00edtica de Privacidade explica como os dados s\u00e3o coletados, usados, tratados e a prote\u00e7\u00e3o dos dados vinculados as atividades e servi\u00e7os.\u00a0<\/p>\n<p>Toda a coleta e tratamento de dados pessoais ser\u00e1 realizada para cumprir as finalidades aqui especificadas:\u00a0<\/p>\n<ul>\n<li>Os dados coletados n\u00e3o ser\u00e3o vendidos ou alugados, nem t\u00e3o pouco compartilhados;\u00a0<\/li>\n<li>Quando algum dado pessoal deixar de ser necess\u00e1rio, e n\u00e3o tivermos a obriga\u00e7\u00e3o legal de armazen\u00e1-lo, ser\u00e3o exclu\u00eddos, destru\u00eddos ou anonimizados;<\/li>\n<\/ul>\n<p><br \/><strong>COLETA DE DADOS PESSOAIS\u00a0<\/strong><\/p>\n<p>Os dados pessoais de usu\u00e1rios s\u00e3o coletados:<\/p>\n<ul>\n<li>Atrav\u00e9s das bases de cobran\u00e7a fornecidas por nossos clientes e\/ou parceiros comerciais (Credores,\u00a0Securitizadoras, etc.)<\/li>\n<li>Melhorias de base destinadas a atualizar os dados cadastrais do Usu\u00e1rio, quando incorretos, incompletos ou desatualizados.\u00a0<\/li>\n<li>Cookies ou informa\u00e7\u00f5es coletadas automaticamente, quando da utiliza\u00e7\u00e3o de nosso website.<\/li>\n<\/ul>\n<p>\u00a0<\/p>\n<p><strong>DADOS PESSOAIS COLETADOS<\/strong><\/p>\n<p>Coletamos e armazenamos apenas os dados pessoais necess\u00e1rios para continuidade de nosso neg\u00f3cio e boas pr\u00e1ticas de comunica\u00e7\u00e3o com usu\u00e1rios.<\/p>\n<p>N\u00e3o coletamos, armazenamos ou compartilhamos dados sens\u00edveis.<\/p>\n<p><br \/><strong>PRAZO DE ARMAZENAMENTO DE DADOS<\/strong><\/p>\n<p>Os dados pessoais coletados ser\u00e3o utilizados e armazenados durante o tempo necess\u00e1rio para a presta\u00e7\u00e3o do servi\u00e7o e enquanto a rela\u00e7\u00e3o contratual para presta\u00e7\u00e3o de nossos servi\u00e7os perdurar.\u00a0<\/p>\n<p>Findado o per\u00edodo de armazenamento dos dados pessoais, estes ser\u00e3o exclu\u00eddos de nossas bases de dados ou anonimizados.<\/p>\n<p>\u00a0<br \/><strong>ARMAZENAMENTO DE DADOS PESSOAIS<\/strong><\/p>\n<p>As bases de dados s\u00e3o armazenadas em ambiente seguro e id\u00f4neo, com acesso restrito, login por senha individual e logs de acesso.<\/p>\n<p>Nenhuma informa\u00e7\u00e3o pode ser compartilhada para ambiente externo, assim como extra\u00edda ou impressa.<\/p>\n<p>Para mantermos as informa\u00e7\u00f5es pessoais seguras, usamos ferramentas f\u00edsicas, eletr\u00f4nicas e gerenciais orientadas para a prote\u00e7\u00e3o de privacidade.<\/p>\n<p>Aplicamos essas ferramentas levando em considera\u00e7\u00e3o a natureza dos dados pessoais coletados, o contexto e a finalidade do tratamento e os riscos que eventuais viola\u00e7\u00f5es gerariam para os direitos e liberdades do titular dos dados coletados e tratados.<\/p>\n<p><br \/><strong>DIREITOS DO USU\u00c1RIO<\/strong><\/p>\n<p>De acordo com o artigo 18 da Lei Geral de Prote\u00e7\u00e3o de Dados, o usu\u00e1rio pode de maneira gratuita e a qualquer tempo:\u00a0<\/p>\n<ul>\n<li>Confirmar a exist\u00eancia de tratamento de dados, de maneira simplificada ou em formato claro e completo.<\/li>\n<li>Acessar seus dados, podendo solicit\u00e1-los em uma c\u00f3pia leg\u00edvel sob forma impressa ou por meio eletr\u00f4nico, seguro e id\u00f4neo.<\/li>\n<li>Corrigir seus dados, ao solicitar a edi\u00e7\u00e3o, corre\u00e7\u00e3o ou atualiza\u00e7\u00e3o destes.<\/li>\n<li>Limitar seus dados quando desnecess\u00e1rios, excessivos ou tratados em desconformidade com a legisla\u00e7\u00e3o atrav\u00e9s da anonimiza\u00e7\u00e3o, bloqueio ou elimina\u00e7\u00e3o.<\/li>\n<li>Solicitar a portabilidade de seus dados, atrav\u00e9s de um relat\u00f3rio de dados cadastrais.<\/li>\n<li>Eliminar seus dados tratados a partir de seu consentimento, exceto nos casos previstos em lei.<\/li>\n<li>Revogar seu consentimento, desautorizando o tratamento de seus dados.<\/li>\n<li>Informar-se sobre a possibilidade de n\u00e3o fornecer seu consentimento e sobre as consequ\u00eancias da negativa.<\/li>\n<\/ul>\n<p>Para exercer seus direitos dever\u00e1 entrar em contato atrav\u00e9s do canal:\u00a0<u>lgpd@bns.com.br<\/u><\/p>\n<p>De forma a garantir a sua correta identifica\u00e7\u00e3o como titular dos dados pessoais objeto da solicita\u00e7\u00e3o ser\u00e3o solicitados documentos ou demais comprova\u00e7\u00f5es que possam comprovar sua identidade.\u00a0<br \/><br \/><br \/><strong>TRANSFERENCIA INTERNACIONAL DE DADOS<\/strong><\/p>\n<p>Alguns dos terceiros envolvidos no processo de higieniza\u00e7\u00e3o de dados podem ser localizados ou possuir instala\u00e7\u00f5es localizadas em pa\u00edses estrangeiros. Nessas condi\u00e7\u00f5es, de toda forma, seus dados pessoais estar\u00e3o sujeitos \u00e0 Lei Geral de Prote\u00e7\u00e3o de Dados e \u00e0s demais legisla\u00e7\u00f5es brasileiras de prote\u00e7\u00e3o de dados<\/p>\n<p><br \/><strong>COOKIES OU DADOS DE NAVEGA\u00c7\u00c3O<\/strong><\/p>\n<p>Fazemos uso de Cookies, que s\u00e3o pequenos arquivos ou informa\u00e7\u00f5es que podem ser armazenadas no seu dispositivo de acesso \u00e0 plataforma de autoatendimento, enviados pela plataforma ao seu computador, nele se armazenam informa\u00e7\u00f5es relacionadas \u00e0 navega\u00e7\u00e3o do site. Em suma, os Cookies s\u00e3o utilizados para aprimorar a experi\u00eancia de uso.<\/p>\n<p>Ao acessar nosso site e consentir com o uso de Cookies, voc\u00ea manifesta conhecer e aceitar a utiliza\u00e7\u00e3o de um sistema de coleta de dados de navega\u00e7\u00e3o com o uso de Cookies em seu dispositivo.<\/p>\n<p>O Usu\u00e1rio pode, a qualquer tempo e sem nenhum custo, alterar as permiss\u00f5es, bloquear ou recusar os Cookies.\u00a0<\/p>\n<p>\u00a0<\/p>\n<p><strong>RESPONSABILIDADE<\/strong><\/p>\n<p>Nos comprometemos em manter esta Pol\u00edtica de Privacidade atualizada, observando suas disposi\u00e7\u00f5es e zelando por seu cumprimento.<\/p>\n<p>Al\u00e9m disso, tamb\u00e9m assumimos o compromisso de buscar condi\u00e7\u00f5es t\u00e9cnicas e organizativas seguramente aptas a proteger todo o processo de tratamento de dados. Caso a Autoridade Nacional de Prote\u00e7\u00e3o de Dados exija a ado\u00e7\u00e3o de provid\u00eancias em rela\u00e7\u00e3o ao tratamento de dados, comprometemo-nos a segui-las.\u00a0<\/p>\n<p>\u00a0<\/p>\n<p><strong>ISEN\u00c7\u00c3O DE RESPONSABILIDADE<\/strong><\/p>\n<p>Embora adotemos elevados padr\u00f5es de seguran\u00e7a a fim de evitar incidentes, n\u00e3o h\u00e1 nenhuma p\u00e1gina virtual inteiramente livre de riscos. Nesse sentido, n\u00e3o nos responsabilizamos por:<\/p>\n<ul>\n<li>Quaisquer consequ\u00eancias decorrentes da neglig\u00eancia, imprud\u00eancia ou imper\u00edcia dos usu\u00e1rios em rela\u00e7\u00e3o a seus dados individuais. Garantimos e nos responsabilizamos apenas pela seguran\u00e7a dos processos de tratamento de dados e do cumprimento das finalidades descritas. Destacamos que a responsabilidade em rela\u00e7\u00e3o \u00e0 confidencialidade dos dados de acesso \u00e9 do usu\u00e1rio.<\/li>\n<li>A\u00e7\u00f5es maliciosas de terceiros, como ataques de\u00a0<em>hackers<\/em>, exceto se comprovada conduta culposa ou deliberada<em>.<\/em>Destacamos que em caso de incidentes de seguran\u00e7a que possam gerar risco ou dano relevante para o qualquer um de nossos Usu\u00e1rios\/clientes, comunicaremos aos afetados e a Autoridade Nacional de Prote\u00e7\u00e3o de Dados sobre o ocorrido e cumpriremos as provid\u00eancias necess\u00e1rias.<\/li>\n<li>Inveracidade das informa\u00e7\u00f5es inseridas pelo Usu\u00e1rio nos registros necess\u00e1rios para a utiliza\u00e7\u00e3o dos servi\u00e7os; quaisquer consequ\u00eancias decorrentes de informa\u00e7\u00f5es falsas ou inseridas de m\u00e1-f\u00e9 s\u00e3o de inteiramente responsabilidade do Usu\u00e1rio.<\/li>\n<\/ul>\n<p>\u00a0<\/p>\n<p><strong>CANAL DE COMUNICA\u00c7\u00c3O<\/strong><\/p>\n<p>Disponibilizamos o canal de comunica\u00e7\u00e3o para que qualquer Usu\u00e1rio possa exercer seus direitos de titular:\u00a0<a href=\"mailto:lgpd@bns.com.br\"><span style=\"text-decoration: underline;\"><span style=\"color: #ffffff; text-decoration: underline;\">lgpd@bns.com.br<\/span><\/span><\/a>.<\/p>\n<p>Caso tenha d\u00favidas sobre esta Pol\u00edtica de Privacidade ou sobre os dados pessoais que tratamos, voc\u00ea pode entrar em contato atrav\u00e9s desse canal.<\/p>\n\t\t\t\t\t\t\t\t<\/div>\n\t\t\t\t<\/div>\n\t\t\t\t\t<\/div>\n\t\t\t\t<\/div>\n\t\t\t\t<\/div>\n\t\t","protected":false},"excerpt":{"rendered":"<p>POL\u00cdTICA DE PRIVACIDADE DE DADOS A presente Pol\u00edtica de Privacidade explica como os dados s\u00e3o coletados, usados, tratados e a prote\u00e7\u00e3o dos dados vinculados as atividades e servi\u00e7os.\u00a0 Toda a coleta e tratamento de dados pessoais ser\u00e1 realizada para cumprir as finalidades aqui especificadas:\u00a0 Os dados coletados n\u00e3o ser\u00e3o vendidos ou alugados, nem t\u00e3o pouco &hellip; <\/p>\n<p class=\"link-more\"><a href=\"https:\/\/bns.com.br\/index.php\/politica-de-privacidade\/\" class=\"more-link\">Continue lendo<span class=\"screen-reader-text\"> &#8220;Pol\u00edtica de privacidade&#8221;<\/span><\/a><\/p>\n","protected":false},"author":1,"featured_media":0,"parent":0,"menu_order":0,"comment_status":"closed","ping_status":"open","template":"elementor_canvas","meta":{"footnotes":""},"_links":{"self":[{"href":"https:\/\/bns.com.br\/index.php\/wp-json\/wp\/v2\/pages\/3"}],"collection":[{"href":"https:\/\/bns.com.br\/index.php\/wp-json\/wp\/v2\/pages"}],"about":[{"href":"https:\/\/bns.com.br\/index.php\/wp-json\/wp\/v2\/types\/page"}],"author":[{"embeddable":true,"href":"https:\/\/bns.com.br\/index.php\/wp-json\/wp\/v2\/users\/1"}],"replies":[{"embeddable":true,"href":"https:\/\/bns.com.br\/index.php\/wp-json\/wp\/v2\/comments?post=3"}],"version-history":[{"count":0,"href":"https:\/\/bns.com.br\/index.php\/wp-json\/wp\/v2\/pages\/3\/revisions"}],"wp:attachment":[{"href":"https:\/\/bns.com.br\/index.php\/wp-json\/wp\/v2\/media?parent=3"}],"curies":[{"name":"wp","href":"https:\/\/api.w.org\/{rel}","templated":true}]}}